e remainder when 263 is divided by 11?
10
What is the remainder when 92 is divided by 35?
22
Calculate the remainder when 16 is divided by 5.
1
Calculate the remainder when 10 is divided by 7.
3
What is the remainder when 5856 is divided by 143?
136
Calculate the remainder when 110 is divided by 23.
18
What is the remainder when 2698 is divided by 17?
12
Calculate the remainder when 1169 is divided by 78.
77
What is the remainder when 313 is divided by 79?
76
Calculate the remainder when 44 is divided by 11.
0
Calculate the remainder when 1671 is divided by 310.
121
What is the remainder when 1056 is divided by 11?
0
What is the remainder when 2336 is divided by 57?
56
Calculate the remainder when 447 is divided by 114.
105
Calculate the remainder when 11094 is divided by 60.
54
Calculate the remainder when 768 is divided by 373.
22
What is the remainder when 411 is divided by 24?
3
What is the remainder when 380 is divided by 57?
38
Calculate the remainder when 172 is divided by 108.
64
What is the remainder when 7 is divided by 3?
1
Calculate the remainder when 235 is divided by 83.
69
What is the remainder when 430 is divided by 30?
10
What is the remainder when 220 is divided by 100?
20
Calculate the remainder when 61 is divided by 34.
27
Calculate the remainder when 15730 is divided by 36.
34
Calculate the remainder when 467 is divided by 161.
145
Calculate the remainder when 269 is divided by 128.
13
What is the remainder when 15088 is divided by 28?
24
Calculate the remainder when 9164 is divided by 399.
386
What is the remainder when 2431 is divided by 8?
7
What is the remainder when 1862 is divided by 189?
161
Calculate the remainder when 57 is divided by 51.
6
What is the remainder when 826 is divided by 37?
12
Calculate the remainder when 1100 is divided by 171.
74
What is the remainder when 218 is divided by 89?
40
Calculate the remainder when 1496 is divided by 496.
8
Calculate the remainder when 490 is divided by 45.
40
What is the remainder when 3223 is divided by 212?
43
What is the remainder when 157 is divided by 23?
19
Calculate the remainder when 109 is divided by 5.
4
Calculate the remainder when 18985 is divided by 17.
13
What is the remainder when 973 is divided by 115?
53
Calculate the remainder when 71 is divided by 19.
14
Calculate the remainder when 111 is divided by 34.
9
Calculate the remainder when 281 is divided by 127.
27
What is the remainder when 539 is divided by 20?
19
What is the remainder when 94 is divided by 39?
16
Calculate the remainder when 99 is divided by 31.
6
Calculate the remainder when 401 is divided by 212.
189
Calculate the remainder when 47 is divided by 1.
0
Calculate the remainder when 503 is divided by 99.
8
What is the remainder when 328 is divided by 23?
6
What is the remainder when 1073 is divided by 152?
9
Calculate the remainder when 75 is divided by 13.
10
Calculate the remainder when 117 is divided by 19.
3
What is the remainder when 811 is divided by 283?
245
Calculate the remainder when 921 is divided by 11.
8
What is the remainder when 14060 is divided by 129?
128
Calculate the remainder when 4427 is divided by 108.
107
What is the remainder when 194 is divided by 44?
18
What is the remainder when 142 is divided by 8?
6
Calculate the remainder when 430 is divided by 27.
25
Calculate the remainder when 9084 is divided by 118.
116
What is the remainder when 203 is divided by 23?
19
What is the remainder when 509 is divided by 223?
63
Calculate the remainder when 301 is divided by 72.
13
Calculate the remainder when 347 is divided by 164.
19
Calculate the remainder when 342 is divided by 94.
60
Calculate the remainder when 48 is divided by 42.
6
Calculate the remainder when 114 is divided by 20.
14
Calculate the remainder when 116 is divided by 82.
34
Calculate the remainder when 933 is divided by 11.
9
Calculate the remainder when 11325 is divided by 24.
21
Calculate the remainder when 215 is divided by 105.
5
Calculate the remainder when 119 is divided by 67.
52
Calculate the remainder when 629 is divided by 9.
8
Calculate the remainder when 1576 is divided by 1574.
2
Calculate the remainder when 13760 is divided by 13.
6
Calculate the remainder when 541 is divided by 26.
21
Calculate the remainder when 838 is divided by 30.
28
Calculate the remainder when 693 is divided by 226.
15
What is the remainder when 883 is divided by 52?
51
Calculate the remainder when 1997 is divided by 74.
73
Calculate the remainder when 96 is divided by 51.
45
Calculate the remainder when 487 is divided by 33.
25
What is the remainder when 61 is divided by 18?
7
Calculate the remainder when 2118 is divided by 36.
30
Calculate the remainder when 804 is divided by 99.
12
Calculate the remainder when 664 is divided by 23.
20
Calculate the remainder when 78 is divided by 47.
31
Calculate the remainder when 899 is divided by 50.
49
What is the remainder when 390 is divided by 41?
21
What is the remainder when 1833 is divided by 102?
99
Calculate the remainder when 795 is divided by 19.
16
Calculate the remainder when 15 is divided by 9.
6
What is the remainder when 3164 is divided by 32?
28
Calculate the remainder when 84 is divided by 3.
0
Calculate the remainder when 323 is divided by 13.
11
What is the remainder when 45034 is divided by 29?
26
What is the remainder when 11935 is divided by 33?
22
What is the remainder when 1471 is divided by 41?
36
What is the remainder when 1229 is divided by 41?
40
What is the remainder when 952 is divided by 50?
2
What is the remainder when 186 is divided by 7?
4
Calculate the remainder when 316 is divided by 81.
73
Calculate the remainder when 1202 is divided by 2.
0
What is the remainder when 898 is divided by 25?
23
Calculate the remainder when 86 is divided by 14.
2
Calculate the remainder when 146 is divided by 78.
68
What is the remainder when 675 is divided by 101?
69
Calculate the remainder when 207 is divided by 8.
7
Calculate the remainder when 3631 is divided by 158.
155
What is the remainder when 2749 is divided by 55?
54
What is the remainder when 2959 is divided by 14?
5
Calculate the remainder when 664 is divided by 140.
104
Calculate the remainder when 1164 is divided by 167.
162
What is the remainder when 1185 is divided by 151?
128
What is the remainder when 131 is divided by 11?
10
What is the remainder when 159 is divided by 35?
19
What is the remainder when 1404 is divided by 176?
172
Calculate the remainder when 6288 is divided by 11.
7
Calculate the remainder when 63 is divided by 23.
17
Calculate the remainder when 206 is divided by 13.
11
What is the remainder when 150 is divided by 32?
22
What is the remainder when 1852 is divided by 142?
6
What is the remainder when 205 is divided by 75?
55
What is the remainder when 1403 is divided by 7?
3
Calculate the remainder when 11 is divided by 2.
1
What is the remainder when 71 is divided by 9?
8
What is the remainder when 56 is divided by 35?
21
What is the remainder when 502 is divided by 56?
54
Calculate the remainder when 112 is divided by 78.
34
What is the remainder when 249 is divided by 46?
19
Calculate the remainder when 171 is divided by 43.
42
What is the remainder when 6495 is divided by 57?
54
What is the remainder when 166 is divided by 21?
19
Calculate the remainder when 6894 is divided by 30.
24
Calculate the remainder when 300 is divided by 35.
20
What is the remainder when 654 is divided by 311?
32
Calculate the remainder when 3914 is divided by 53.
45
Calculate the remainder when 170 is divided by 22.
16
Calculate the remainder when 112 is divided by 65.
47
Calculate the remainder when 181 is divided by 26.
25
Calculate the remainder when 17 is divided by 1.
0
What is the remainder when 3171 is divided by 23?
20
What is the remainder when 57 is divided by 23?
11
What is the remainder when 1702 is divided by 11?
8
Calculate the remainder when 407 is divided by 12.
11
What is the remainder when 211 is divided by 67?
10
Calculate the remainder when 422 is divided by 141.
140
What is the remainder when 1407 is divided by 81?
30
Calculate the remainder when 2785 is divided by 553.
20
Calculate the remainder when 91 is divided by 6.
1
Calculate the remainder when 575 is divided by 